ghest common divisor of 48 and 931966640?
16
Calculate the highest common divisor of 2100 and 15060380.
20
Calculate the highest common factor of 468 and 4412096.
52
What is the greatest common divisor of 558 and 22525716?
186
Calculate the greatest common divisor of 55747176 and 744.
744
Calculate the greatest common factor of 11 and 759950279.
11
What is the highest common divisor of 209 and 6203234?
19
What is the highest common divisor of 70 and 10264910?
10
Calculate the greatest common factor of 4316865 and 45.
15
What is the highest common divisor of 53934765 and 2532?
633
Calculate the greatest common divisor of 373125 and 35000.
625
What is the greatest common factor of 1032 and 568248?
24
What is the greatest common factor of 9929900 and 400?
100
Calculate the highest common factor of 718 and 1033561.
359
Calculate the highest common factor of 107780456 and 64.
8
Calculate the highest common divisor of 196474005 and 26325.
5265
Calculate the highest common divisor of 3586 and 188390510.
3586
Calculate the highest common factor of 1986 and 1338846012.
1986
What is the greatest common factor of 29832 and 1776874?
22
Calculate the highest common factor of 4100502 and 118626.
102
What is the greatest common divisor of 9389 and 14891183?
229
What is the greatest common factor of 55954948 and 42?
14
What is the highest common factor of 17025444 and 6156?
2052
What is the highest common factor of 45930 and 4758?
6
Calculate the greatest common divisor of 38744 and 146626.
334
Calculate the highest common divisor of 3 and 1337957.
1
Calculate the greatest common factor of 112950 and 876.
6
Calculate the greatest common factor of 14729412 and 6798.
618
What is the highest common divisor of 1195219 and 36907?
2839
Calculate the highest common factor of 3171842 and 2444.
94
What is the greatest common divisor of 112 and 269694740?
28
What is the greatest common divisor of 3498 and 11346929?
583
Calculate the highest common divisor of 19240 and 25105240.
1480
What is the greatest common factor of 59742701 and 321?
107
Calculate the greatest common factor of 3848 and 11540984.
104
Calculate the greatest common factor of 3827323 and 549.
61
What is the greatest common factor of 6750 and 561776850?
1350
What is the highest common factor of 144598 and 199364?
394
Calculate the greatest common factor of 15683805 and 334.
167
Calculate the highest common factor of 6427478 and 496.
62
Calculate the highest common factor of 93524445 and 504.
63
What is the greatest common factor of 22720 and 5039296?
4544
What is the highest common factor of 3225 and 150762945?
645
Calculate the highest common divisor of 40 and 99371320.
40
Calculate the greatest common factor of 43082 and 23734868.
3314
Calculate the greatest common divisor of 9250 and 44294500.
250
Calculate the greatest common factor of 1748 and 39574492.
76
Calculate the greatest common divisor of 2736 and 1473910560.
2736
What is the greatest common divisor of 3152745 and 3285?
45
Calculate the highest common factor of 9288 and 20840.
8
What is the highest common factor of 17691520 and 98?
14
Calculate the highest common divisor of 9843 and 19738496.
3281
Calculate the greatest common factor of 1005730656 and 5908.
5908
Calculate the highest common factor of 3501 and 1383673.
389
What is the highest common factor of 672329188 and 268?
268
Calculate the greatest common divisor of 512268 and 6054.
6
Calculate the greatest common factor of 236 and 12218.
2
What is the highest common factor of 152490845 and 130?
65
What is the highest common factor of 1908220 and 28032?
292
Calculate the highest common factor of 1228845 and 671.
61
Calculate the greatest common factor of 1048 and 123076072.
1048
Calculate the greatest common factor of 17 and 422152517.
17
Calculate the greatest common factor of 73705825 and 25.
25
What is the greatest common factor of 261941 and 131774?
1607
What is the greatest common divisor of 114282 and 3318?
42
Calculate the greatest common factor of 14595061 and 26.
13
Calculate the highest common divisor of 264 and 28547952.
24
What is the highest common divisor of 1152 and 194594688?
1152
Calculate the highest common factor of 14732970 and 420.
210
Calculate the greatest common divisor of 417150 and 22680.
810
What is the highest common divisor of 768 and 548712?
24
What is the greatest common divisor of 1521 and 3585166?
169
What is the greatest common factor of 195 and 190965?
15
Calculate the highest common factor of 134658 and 720.
18
Calculate the greatest common factor of 62648 and 18983.
41
What is the greatest common divisor of 768664 and 24?
8
What is the greatest common divisor of 17097 and 6698271?
417
Calculate the highest common factor of 1370616 and 18664.
8
What is the greatest common divisor of 22 and 16858127?
11
Calculate the greatest common divisor of 144 and 814577136.
48
Calculate the highest common divisor of 793 and 78572941.
61
What is the greatest common factor of 113782212 and 216?
108
What is the highest common divisor of 84 and 4285828?
4
Calculate the greatest common factor of 4922 and 15272.
46
What is the greatest common divisor of 4429 and 4065951?
43
What is the highest common factor of 40922959 and 917?
917
What is the greatest common factor of 25418798 and 4145?
829
What is the highest common factor of 69 and 95998389?
69
What is the highest common factor of 5887 and 1709343433?
5887
Calculate the greatest common factor of 211 and 86789.
1
Calculate the greatest common factor of 111780 and 62880.
60
What is the highest common divisor of 381312180 and 4710?
4710
What is the highest common factor of 38 and 392179?
19
Calculate the greatest common divisor of 4512501 and 1107.
369
Calculate the greatest common divisor of 355 and 5458906.
71
Calculate the highest common factor of 305791 and 5102387.
1601
Calculate the greatest common factor of 156095000 and 5000.
5000
What is the greatest common divisor of 224010 and 6426598?
4978
What is the highest common divisor of 115598646 and 144?
18
What is the highest common factor of 3327 and 237957021?
3327
Calculate the highest common divisor of 9298718 and 2684.
1342
What is the highest common divisor of 290 and 1529170?
290
What is the highest common factor of 14161298 and 2006?
118
Calculate the greatest common factor of 36867919 and 506.
253
What is the greatest common divisor of 242385 and 15149910?
1695
Calculate the greatest common divisor of 328752436 and 355.
71
Calculate the highest common divisor of 51793 and 5640303.
151
What is the greatest common factor of 161785 and 16965?
65
Calculate the highest common divisor of 81 and 5313843.
81
What is the highest common divisor of 1066 and 4475396?
82
Calculate the highest common factor of 1509123 and 1946.
973
Calculate the greatest common divisor of 20824 and 137636.
76
What is the greatest common factor of 37 and 3580070827?
37
What is the highest common factor of 21984956 and 35?
7
What is the greatest common divisor of 631665775 and 325?
325
What is the greatest common factor of 2196 and 33379932?
732
What is the greatest common divisor of 1376 and 46093592?
344
What is the highest common divisor of 15212 and 104096?
4
What is the highest common divisor of 39832 and 23764?
52
Calculate the greatest common factor of 134110527 and 303.
303
Calculate the greatest common factor of 33924338 and 333.
37
What is the greatest common factor of 537522 and 1288811?
887
What is the highest common factor of 1765681 and 13208?
127
Calculate the highest common factor of 9996 and 178789.
17
What is the greatest common divisor of 54672 and 1272464?
1072
Calculate the highest common factor of 11 and 178010723.
11
Calculate the highest common factor of 69935000 and 1136.
568
Calculate the greatest common factor of 15186486 and 902664.
8358
Calculate the highest common divisor of 141293 and 311669.
229
What is the highest common divisor of 11970 and 210071610?
630
What is the greatest common divisor of 8410160 and 209?
209
Calculate the highest common divisor of 90211149 and 483.
21
What is the highest common factor of 1403134387 and 73?
73
What is the highest common divisor of 3746210 and 1040?
130
Calculate the greatest common divisor of 165888 and 3115584.